{"id":2756,"date":"2023-03-06T09:10:42","date_gmt":"2023-03-06T07:10:42","guid":{"rendered":"https:\/\/amarresbcn.com\/avis-legal\/"},"modified":"2025-09-29T11:11:11","modified_gmt":"2025-09-29T09:11:11","slug":"avis-legal","status":"publish","type":"page","link":"https:\/\/amarresbcn.com\/ca\/avis-legal\/","title":{"rendered":"Av\u00eds Legal"},"content":{"rendered":"<div class=\"wpb-content-wrapper\"><p>[vc_row][vc_column][vc_column_text el_class=&#8221;justify&#8221; css=&#8221;.vc_custom_1644756524248{margin-bottom: 33px !important;}&#8221;]Les presents condicions generals regulen l&#8217;\u00fas i l&#8217;acc\u00e9s al lloc web o servei d&#8217;Internet que Amarres de Barcelona, SL (d&#8217;ara endavant Amarres Barcelona) amb domicili social a Muell Evaristo Fernandez, Edif. s\/n Planta 1, CP: 08039, Barcelona, posa a la disposici\u00f3 dels usuaris a trav\u00e9s de l&#8217;adre\u00e7a electr\u00f2nica: info@amarresbcn.com[\/vc_column_text][\/vc_column][\/vc_row][vc_row][vc_column][vc_column_text el_class=&#8221;justify&#8221; css=&#8221;.vc_custom_1637843677399{margin-bottom: 33px !important;}&#8221;]<\/p>\n<h3>Objecte<\/h3>\n<p>El lloc web t\u00e9 com a objectiu principal informar sobre les activitats d&#8217;Amarres Barcelona, els seus productes i serveis i possibilitar la realitzaci\u00f3 de consultes.[\/vc_column_text][\/vc_column][\/vc_row][vc_row][vc_column][vc_column_text el_class=&#8221;justify&#8221; css=&#8221;.vc_custom_1637843690845{margin-bottom: 33px !important;}&#8221;]<\/p>\n<h3>Condicions d&#8217;utilitzaci\u00f3 per a l&#8217;usuari<\/h3>\n<p>L&#8217;usuari es compromet a fer-ne un \u00fas adequat, correcte i l\u00edcit dels continguts i serveis del lloc web. Queden estrictament prohibides les activitats il\u00b7legals, il\u00b7l\u00edcites o contr\u00e0ries a la bona fe ia l&#8217;ordre p\u00fablic; i en general, tota conducta que atempti, indueixi o pugui atemptar contra el respecte a la dignitat humana i al principi de no discriminaci\u00f3 per motius de ra\u00e7a, sexe, religi\u00f3, opini\u00f3, nacionalitat o qualsevol altra circumst\u00e0ncia personal o social; contra la protecci\u00f3 de la salut p\u00fablica i dels consumidors i usuaris; o la protecci\u00f3 de la joventut i de la inf\u00e0ncia. Aix\u00ed mateix, queda prohibida tota activitat dirigida a suplantar qualsevol persona o entitat, oa interferir, violar, alterar o desconnectar el sistema, servidors, xarxes o continguts, aix\u00ed com incomplir qualsevol requisit de connexi\u00f3. Amarres Barcelona es reserva el dret a excloure l&#8217;usuari del servei sense av\u00eds previ, ia adoptar totes les mesures que consideri oportunes en cada moment, a fi d&#8217;evitar les conductes i activitats indicades.[\/vc_column_text][\/vc_column][\/vc_row][vc_row][vc_column][vc_column_text el_class=&#8221;justify&#8221; css=&#8221;.vc_custom_1637843951161{margin-bottom: 33px !important;}&#8221;]<\/p>\n<h3>Responsabilitat<\/h3>\n<p>Amarres Barcelona no garanteix que l&#8217;acc\u00e9s al lloc web sigui ininterromput o que estigui lliure d&#8217;error; com tampoc no es responsabilitza ni garanteix que el contingut o programari al qual es pugui accedir a trav\u00e9s d&#8217;aquest lloc web sigui ininterromput, estigui lliure d&#8217;error o causi un dany a l&#8217;usuari.<\/p>\n<p>Amarres Barcelona no es responsabilitza ni garanteix l&#8217;aprofitament de la informaci\u00f3, o contingut d&#8217;aquest lloc web que es pogu\u00e9s canalitzar per a prop\u00f2sits particulars i en cap cas ser\u00e0 responsable per les p\u00e8rdues o danys de qualsevol tipus que sorgeixin per l&#8217;acc\u00e9s i l&#8217;\u00fas de la p\u00e0gina web, com ara virus inform\u00e0tics o algun altre tipus de component nociu.<\/p>\n<p>Amarres Barcelona no assumeix cap responsabilitat amb relaci\u00f3 a la informaci\u00f3, continguts, productes i serveis oferts o prestats a trav\u00e9s del seu portal per terceres persones o entitats, en especial pels danys i perjudicis de qualsevol tipus que vinculats a l&#8217;anterior es puguin produir per:[\/vc_column_text]<div class=\"standard-number-list list-divider bullet-top\"><ul>\n<li>Abs\u00e8ncia o defici\u00e8ncies en la informaci\u00f3 facilitada als usuaris o en la seva veracitat, exactitud o sufici\u00e8ncia.<\/li>\n<li>Incompliment o compliment defectu\u00f3s o impuntual dels contractes o relacions precontractuals.<\/li>\n<li>Incompliment de les obligacions que incumbeixen els prestadors de serveis de la societat de la informaci\u00f3.<\/li>\n<li>Infracci\u00f3 dels drets dels consumidors i usuaris.<\/li>\n<li>Infracci\u00f3 dels drets de propietat industrial i intel\u00b7lectual.<\/li>\n<li>Infracci\u00f3 del dret a la protecci\u00f3 de dades, del secret professional i dels drets a l&#8217;honor, a la intimitat personal i familiar ia la imatge de les persones.<\/li>\n<li>En general, l&#8217;incompliment de qualssevol lleis, costums o codis de conducta que siguin aplicables.<\/li>\n<\/ul>\n<\/div>[vc_column_text el_class=&#8221;justify&#8221; css=&#8221;.vc_custom_1637843926017{margin-bottom: 33px !important;}&#8221;]Amarres Barcelona tampoc no assumeix cap responsabilitat per danys, perjudicis, p\u00e8rdues, reclamacions o despeses, produ\u00efdes per:[\/vc_column_text]<div class=\"standard-number-list list-divider bullet-top\"><ul>\n<li>Interfer\u00e8ncies, interrupcions, fallades, omissions, avaries telef\u00f2niques, retards, bloquejos o desconnexions en el funcionament del sistema electr\u00f2nic, motivades per defici\u00e8ncies, sobrec\u00e0rregues i errors a les l\u00ednies i xarxes de telecomunicacions, o per qualsevol altra causa aliena al control d&#8217;Amarres Barcelona.<\/li>\n<li>Intromissions il\u00b7leg\u00edtimes mitjan\u00e7ant l&#8217;\u00fas de programes malignes de qualsevol tipus de comunicaci\u00f3, com ara virus inform\u00e0tics o qualssevol altres.<\/li>\n<li>\u00das indegut o inadequat de les p\u00e0gines web d\u00b4Amarres Barcelona.<\/li>\n<li>Errors de seguretat, o navegaci\u00f3 produ\u00efda per un mal funcionament del navegador o per l\u00fas de versions no actualitzades del mateix.<\/li>\n<\/ul>\n<\/div>[vc_column_text css=&#8221;.vc_custom_1637843944487{margin-bottom: 33px !important;}&#8221; el_class=&#8221;justify&#8221;]Amarres Barcelona no \u00e9s responsable de la informaci\u00f3 i la resta de continguts integrats en espais o p\u00e0gines web de tercers accessibles des del portal d&#8217;Amarres Barcelona mitjan\u00e7ant enlla\u00e7os, hipervincles o links, ni de la informaci\u00f3 i altres continguts integrats en espais o p\u00e0gines web de tercers des dels que s&#8217;accedeixi mitjan\u00e7ant enlla\u00e7os, hipervincles o links al portal d&#8217;Amarres Barcelona oa qualsevol de les seves p\u00e0gines web, ni d&#8217;informaci\u00f3 i continguts de qualsevol p\u00e0gina web de tercers que es presenti sota l&#8217;aparen\u00e7a o els signes distintius d&#8217;Amarres Barcelona, excepte autoritzaci\u00f3 expressa d&#8217;aquest darrer.[\/vc_column_text][\/vc_column][\/vc_row][vc_row][vc_column][vc_column_text el_class=&#8221;justify&#8221;]<\/p>\n<h3>Modificacions<\/h3>\n<p>Amarres Barcelona es reserva tots els drets per modificar, limitar o cancel\u00b7lar els termes i condicions aplicables a aquesta seu web, no assumint cap responsabilitat sobre la seva actualitzaci\u00f3, aix\u00ed com la facultat d&#8217;efectuar totes les modificacions en la configuraci\u00f3 o presentaci\u00f3 del web estime oportuns, en qualsevol moment i sense av\u00eds previ.<\/p>\n<p>La informaci\u00f3 continguda a la p\u00e0gina web \u00e9s la vigent a la data de la seva \u00faltima actualitzaci\u00f3 i els continguts del portal, en especial les refer\u00e8ncies informatives i publicit\u00e0ries, llevat que expressament s&#8217;indiqui el contrari, no constitueixen oferta vinculant.[\/vc_column_text][\/vc_column][\/vc_row][vc_row][vc_column][vc_column_text el_class=&#8221;justify&#8221; css=&#8221;.vc_custom_1696834833535{margin-bottom: 33px !important;}&#8221;]<\/p>\n<h3>A01 Politica SIG<\/h3>\n<p>AMARRES DE BARCELONA S.L., en el desenvolupament de les seves activitats de prestaci\u00f3 del servei d&#8217; amarratge al Port de Barcelona i la realitzaci\u00f3 d&#8217; altres serveis mar\u00edtims i lluita contra la contaminaci\u00f3, ha optat per la implantaci\u00f3 d&#8217; un Sistema Integrat de Gesti\u00f3 que incorpora el comprom\u00eds amb la qualitat del servei, la protecci\u00f3 del Medi Ambient i la Seguretat i Salut Laboral en el desenvolupament de la seva gesti\u00f3 general i en tots els \u00e0mbits els seus processos, conforme a les Normes ISO 9001, ISO 14001 i ISO 45001 i donant compliment als sis compromisos fonamentals establerts:<\/p>\n<p>1. Complir amb tots aquells requisits legals que siguin aplicables a la nostra organitzaci\u00f3.<\/p>\n<p>2. Vetllar per la protecci\u00f3 del medi ambient, inclosa la prevenci\u00f3 de la contaminaci\u00f3, i altres compromisos espec\u00edfics pertinents al context de l&#8217;organitzaci\u00f3 i implementar mesures de prevenci\u00f3 de la contaminaci\u00f3 i reducci\u00f3 dels nostres impactes medi ambientals.<\/p>\n<p>3. Analitzar i tractar els perills i riscos espec\u00edfics de la nostra activitat per tal de reduir-los i eliminar-los i proporcionant al nostre equip condicions de treball segures i saludables per a la prevenci\u00f3 de les lesions i deteriorament de la salut.<\/p>\n<p>4. Garantir la millora cont\u00ednua de l&#8217;efic\u00e0cia i el seu acompliment en tots els nostres processos i implantar mesures per prevenir, reduir o eliminar factors que repercuteixin a la qualitat de la prestaci\u00f3 del nostre servei o impliquin riscos personals, tant al nostre equip com a empreses col\u00b7laboradores i parts interessades, i\/o deteriorament o danys al medi ambient amb tots els recursos i mitjans a l&#8217;abast de l&#8217;organitzaci\u00f3.<\/p>\n<p>5. Implicar, motivar, consultar i comprometre tot el personal i els seus representants amb l&#8217;objecte de buscar la seva participaci\u00f3 en la gesti\u00f3, desenvolupament i aplicaci\u00f3 del Sistema Integrat de Gesti\u00f3 i informar, formar i sensibilitzar perqu\u00e8 exerceixin les seves activitats amb els m\u00e0xims nivells de Qualitat, els m\u00ednims impactes Medi Ambientals per a l&#8217;entorn i amb la m\u00e0xima seguretat per prevenir,  reduir o eliminar riscos per a la salut.<\/p>\n<p>6. Establir i documentar objectius i metes reals i quantificables relacionats amb la millora dels seg\u00fcents aspectes dels nostres processos:<\/p>\n<p>\u25aa L&#8217; efic\u00e0cia de la prestaci\u00f3 del servei.<br \/>\n\u25aa El grau de satisfacci\u00f3 dels nostres clients i de les parts interessades.<br \/>\n\u25aa L&#8217; efic\u00e0cia en la gesti\u00f3 dels residus generats.<br \/>\n\u25aa L&#8217; efic\u00e0cia del manteniment de les nostres infraestructures.<br \/>\n\u25aa L&#8217; efic\u00e0cia de la gesti\u00f3 formativa del personal i del seu resultat.<br \/>\n\u25aa L&#8217; efic\u00e0cia del control actiu de les operacions que es realitzen; tant el referent a l&#8217; estat de les condicions de treball que s&#8217; empren com la idone\u00eftat de les instruccions de treball que s&#8217; apliquen, incloses aquelles que es realitzin amb empreses contractades o subcontractades.<br \/>\n\u25aa L&#8217; efic\u00e0cia en la motivaci\u00f3 i conscienciaci\u00f3 del nostre equip per participar en aquelles q\u00fcestions que afectin la seva seguretat i salut i en la millora del sistema.<\/p>\n<p>El comprom\u00eds de l&#8217; empresa es plasma a trav\u00e9s de la definici\u00f3 de la nostra pol\u00edtica de qualitat, de salut laboral i de medi ambient com a part integrant i priorit\u00e0ria de la nostra pol\u00edtica empresarial general.[\/vc_column_text][\/vc_column][\/vc_row]<\/p>\n<\/div>","protected":false},"excerpt":{"rendered":"<p>Les condicions generals d&#8217;\u00fas i acc\u00e9s al lloc web d&#8217;Amarres Barcelona. Regulat per Amarres de Barcelona, SL. Consulta l&#8217;Av\u00eds Legal.<\/p>\n","protected":false},"author":1,"featured_media":0,"parent":0,"menu_order":0,"comment_status":"closed","ping_status":"closed","template":"","meta":{"inline_featured_image":false,"footnotes":""},"class_list":["post-2756","page","type-page","status-publish","hentry","description-off"],"_links":{"self":[{"href":"https:\/\/amarresbcn.com\/ca\/wp-json\/wp\/v2\/pages\/2756","targetHints":{"allow":["GET"]}}],"collection":[{"href":"https:\/\/amarresbcn.com\/ca\/wp-json\/wp\/v2\/pages"}],"about":[{"href":"https:\/\/amarresbcn.com\/ca\/wp-json\/wp\/v2\/types\/page"}],"author":[{"embeddable":true,"href":"https:\/\/amarresbcn.com\/ca\/wp-json\/wp\/v2\/users\/1"}],"replies":[{"embeddable":true,"href":"https:\/\/amarresbcn.com\/ca\/wp-json\/wp\/v2\/comments?post=2756"}],"version-history":[{"count":1,"href":"https:\/\/amarresbcn.com\/ca\/wp-json\/wp\/v2\/pages\/2756\/revisions"}],"predecessor-version":[{"id":3295,"href":"https:\/\/amarresbcn.com\/ca\/wp-json\/wp\/v2\/pages\/2756\/revisions\/3295"}],"wp:attachment":[{"href":"https:\/\/amarresbcn.com\/ca\/wp-json\/wp\/v2\/media?parent=2756"}],"curies":[{"name":"wp","href":"https:\/\/api.w.org\/{rel}","templated":true}]}}

Avís Legal

<div class="wpb-content-wrapper"><p>[vc_row][vc_column][vc_column_text el_class=&#8221;justify&#8221; css=&#8221;.vc_custom_1644756524248{margin-bottom: 33px !important;}&#8221;]Les presents condicions generals regulen l&#8217;ús i l&#8217;accés al lloc web o servei d&#8217;Internet que Amarres de Barcelona, SL (d&#8217;ara endavant Amarres Barcelona) amb domicili social a Muell Evaristo Fernandez, Edif. s/n Planta 1, CP: 08039, Barcelona, posa a la disposició dels usuaris a través de l&#8217;adreça electrònica: info@amarresbcn.com[/vc_column_text][/vc_column][/vc_row][vc_row][vc_column][vc_column_text el_class=&#8221;justify&#8221; css=&#8221;.vc_custom_1637843677399{margin-bottom: 33px !important;}&#8221;]</p>
<h3>Objecte</h3>
<p>El lloc web té com a objectiu principal informar sobre les activitats d&#8217;Amarres Barcelona, els seus productes i serveis i possibilitar la realització de consultes.[/vc_column_text][/vc_column][/vc_row][vc_row][vc_column][vc_column_text el_class=&#8221;justify&#8221; css=&#8221;.vc_custom_1637843690845{margin-bottom: 33px !important;}&#8221;]</p>
<h3>Condicions d&#8217;utilització per a l&#8217;usuari</h3>
<p>L&#8217;usuari es compromet a fer-ne un ús adequat, correcte i lícit dels continguts i serveis del lloc web. Queden estrictament prohibides les activitats il·legals, il·lícites o contràries a la bona fe ia l&#8217;ordre públic; i en general, tota conducta que atempti, indueixi o pugui atemptar contra el respecte a la dignitat humana i al principi de no discriminació per motius de raça, sexe, religió, opinió, nacionalitat o qualsevol altra circumstància personal o social; contra la protecció de la salut pública i dels consumidors i usuaris; o la protecció de la joventut i de la infància. Així mateix, queda prohibida tota activitat dirigida a suplantar qualsevol persona o entitat, oa interferir, violar, alterar o desconnectar el sistema, servidors, xarxes o continguts, així com incomplir qualsevol requisit de connexió. Amarres Barcelona es reserva el dret a excloure l&#8217;usuari del servei sense avís previ, ia adoptar totes les mesures que consideri oportunes en cada moment, a fi d&#8217;evitar les conductes i activitats indicades.[/vc_column_text][/vc_column][/vc_row][vc_row][vc_column][vc_column_text el_class=&#8221;justify&#8221; css=&#8221;.vc_custom_1637843951161{margin-bottom: 33px !important;}&#8221;]</p>
<h3>Responsabilitat</h3>
<p>Amarres Barcelona no garanteix que l&#8217;accés al lloc web sigui ininterromput o que estigui lliure d&#8217;error; com tampoc no es responsabilitza ni garanteix que el contingut o programari al qual es pugui accedir a través d&#8217;aquest lloc web sigui ininterromput, estigui lliure d&#8217;error o causi un dany a l&#8217;usuari.</p>
<p>Amarres Barcelona no es responsabilitza ni garanteix l&#8217;aprofitament de la informació, o contingut d&#8217;aquest lloc web que es pogués canalitzar per a propòsits particulars i en cap cas serà responsable per les pèrdues o danys de qualsevol tipus que sorgeixin per l&#8217;accés i l&#8217;ús de la pàgina web, com ara virus informàtics o algun altre tipus de component nociu.</p>
<p>Amarres Barcelona no assumeix cap responsabilitat amb relació a la informació, continguts, productes i serveis oferts o prestats a través del seu portal per terceres persones o entitats, en especial pels danys i perjudicis de qualsevol tipus que vinculats a l&#8217;anterior es puguin produir per:[/vc_column_text]<div class="standard-number-list list-divider bullet-top"><ul>
<li>Absència o deficiències en la informació facilitada als usuaris o en la seva veracitat, exactitud o suficiència.</li>
<li>Incompliment o compliment defectuós o impuntual dels contractes o relacions precontractuals.</li>
<li>Incompliment de les obligacions que incumbeixen els prestadors de serveis de la societat de la informació.</li>
<li>Infracció dels drets dels consumidors i usuaris.</li>
<li>Infracció dels drets de propietat industrial i intel·lectual.</li>
<li>Infracció del dret a la protecció de dades, del secret professional i dels drets a l&#8217;honor, a la intimitat personal i familiar ia la imatge de les persones.</li>
<li>En general, l&#8217;incompliment de qualssevol lleis, costums o codis de conducta que siguin aplicables.</li>
</ul>
</div>[vc_column_text el_class=&#8221;justify&#8221; css=&#8221;.vc_custom_1637843926017{margin-bottom: 33px !important;}&#8221;]Amarres Barcelona tampoc no assumeix cap responsabilitat per danys, perjudicis, pèrdues, reclamacions o despeses, produïdes per:[/vc_column_text]<div class="standard-number-list list-divider bullet-top"><ul>
<li>Interferències, interrupcions, fallades, omissions, avaries telefòniques, retards, bloquejos o desconnexions en el funcionament del sistema electrònic, motivades per deficiències, sobrecàrregues i errors a les línies i xarxes de telecomunicacions, o per qualsevol altra causa aliena al control d&#8217;Amarres Barcelona.</li>
<li>Intromissions il·legítimes mitjançant l&#8217;ús de programes malignes de qualsevol tipus de comunicació, com ara virus informàtics o qualssevol altres.</li>
<li>Ús indegut o inadequat de les pàgines web d´Amarres Barcelona.</li>
<li>Errors de seguretat, o navegació produïda per un mal funcionament del navegador o per lús de versions no actualitzades del mateix.</li>
</ul>
</div>[vc_column_text css=&#8221;.vc_custom_1637843944487{margin-bottom: 33px !important;}&#8221; el_class=&#8221;justify&#8221;]Amarres Barcelona no és responsable de la informació i la resta de continguts integrats en espais o pàgines web de tercers accessibles des del portal d&#8217;Amarres Barcelona mitjançant enllaços, hipervincles o links, ni de la informació i altres continguts integrats en espais o pàgines web de tercers des dels que s&#8217;accedeixi mitjançant enllaços, hipervincles o links al portal d&#8217;Amarres Barcelona oa qualsevol de les seves pàgines web, ni d&#8217;informació i continguts de qualsevol pàgina web de tercers que es presenti sota l&#8217;aparença o els signes distintius d&#8217;Amarres Barcelona, excepte autorització expressa d&#8217;aquest darrer.[/vc_column_text][/vc_column][/vc_row][vc_row][vc_column][vc_column_text el_class=&#8221;justify&#8221;]</p>
<h3>Modificacions</h3>
<p>Amarres Barcelona es reserva tots els drets per modificar, limitar o cancel·lar els termes i condicions aplicables a aquesta seu web, no assumint cap responsabilitat sobre la seva actualització, així com la facultat d&#8217;efectuar totes les modificacions en la configuració o presentació del web estime oportuns, en qualsevol moment i sense avís previ.</p>
<p>La informació continguda a la pàgina web és la vigent a la data de la seva última actualització i els continguts del portal, en especial les referències informatives i publicitàries, llevat que expressament s&#8217;indiqui el contrari, no constitueixen oferta vinculant.[/vc_column_text][/vc_column][/vc_row][vc_row][vc_column][vc_column_text el_class=&#8221;justify&#8221; css=&#8221;.vc_custom_1696834833535{margin-bottom: 33px !important;}&#8221;]</p>
<h3>A01 Politica SIG</h3>
<p>AMARRES DE BARCELONA S.L., en el desenvolupament de les seves activitats de prestació del servei d&#8217; amarratge al Port de Barcelona i la realització d&#8217; altres serveis marítims i lluita contra la contaminació, ha optat per la implantació d&#8217; un Sistema Integrat de Gestió que incorpora el compromís amb la qualitat del servei, la protecció del Medi Ambient i la Seguretat i Salut Laboral en el desenvolupament de la seva gestió general i en tots els àmbits els seus processos, conforme a les Normes ISO 9001, ISO 14001 i ISO 45001 i donant compliment als sis compromisos fonamentals establerts:</p>
<p>1. Complir amb tots aquells requisits legals que siguin aplicables a la nostra organització.</p>
<p>2. Vetllar per la protecció del medi ambient, inclosa la prevenció de la contaminació, i altres compromisos específics pertinents al context de l&#8217;organització i implementar mesures de prevenció de la contaminació i reducció dels nostres impactes medi ambientals.</p>
<p>3. Analitzar i tractar els perills i riscos específics de la nostra activitat per tal de reduir-los i eliminar-los i proporcionant al nostre equip condicions de treball segures i saludables per a la prevenció de les lesions i deteriorament de la salut.</p>
<p>4. Garantir la millora contínua de l&#8217;eficàcia i el seu acompliment en tots els nostres processos i implantar mesures per prevenir, reduir o eliminar factors que repercuteixin a la qualitat de la prestació del nostre servei o impliquin riscos personals, tant al nostre equip com a empreses col·laboradores i parts interessades, i/o deteriorament o danys al medi ambient amb tots els recursos i mitjans a l&#8217;abast de l&#8217;organització.</p>
<p>5. Implicar, motivar, consultar i comprometre tot el personal i els seus representants amb l&#8217;objecte de buscar la seva participació en la gestió, desenvolupament i aplicació del Sistema Integrat de Gestió i informar, formar i sensibilitzar perquè exerceixin les seves activitats amb els màxims nivells de Qualitat, els mínims impactes Medi Ambientals per a l&#8217;entorn i amb la màxima seguretat per prevenir,  reduir o eliminar riscos per a la salut.</p>
<p>6. Establir i documentar objectius i metes reals i quantificables relacionats amb la millora dels següents aspectes dels nostres processos:</p>
<p>▪ L&#8217; eficàcia de la prestació del servei.<br />
▪ El grau de satisfacció dels nostres clients i de les parts interessades.<br />
▪ L&#8217; eficàcia en la gestió dels residus generats.<br />
▪ L&#8217; eficàcia del manteniment de les nostres infraestructures.<br />
▪ L&#8217; eficàcia de la gestió formativa del personal i del seu resultat.<br />
▪ L&#8217; eficàcia del control actiu de les operacions que es realitzen; tant el referent a l&#8217; estat de les condicions de treball que s&#8217; empren com la idoneïtat de les instruccions de treball que s&#8217; apliquen, incloses aquelles que es realitzin amb empreses contractades o subcontractades.<br />
▪ L&#8217; eficàcia en la motivació i conscienciació del nostre equip per participar en aquelles qüestions que afectin la seva seguretat i salut i en la millora del sistema.</p>
<p>El compromís de l&#8217; empresa es plasma a través de la definició de la nostra política de qualitat, de salut laboral i de medi ambient com a part integrant i prioritària de la nostra política empresarial general.[/vc_column_text][/vc_column][/vc_row]</p>
</div>

<p>Les condicions generals d&#8217;ús i accés al lloc web d&#8217;Amarres Barcelona. Regulat per Amarres de Barcelona, SL. Consulta l&#8217;Avís Legal.</p>
